0?
-100001011000001
In base 8, what is -5 - 10766?
-10773
In base 15, what is -14d0 + -5?
-14d5
In base 15, what is b - 809?
-7ed
In base 2, what is -101101111001 - -1?
-101101111000
In base 14, what is 43 + 7d?
c2
In base 15, what is 399ab + 8?
399b4
In base 6, what is 1514 - 1431?
43
In base 2, what is -10111110 - -10011101101100?
10011010101110
In base 9, what is -46475 + -2?
-46477
In base 16, what is 6 - 9640?
-963a
In base 11, what is 76 - 8891?
-8816
In base 11, what is 1955 - 23?
1932
In base 10, what is 2 + 25596?
25598
In base 16, what is -23 + 25b?
238
In base 6, what is -11251 - -3?
-11244
In base 15, what is -51c + 37?
-4d5
In base 7, what is 140 + -1105?
-635
In base 7, what is -11143653 + 1?
-11143652
In base 3, what is -11 - 1212122100002?
-1212122100020
In base 8, what is 27550 + 11?
27561
In base 16, what is 30ae8 - 9?
30adf
In base 3, what is 101122112200 + 11?
101122112211
In base 9, what is -12333 - -8?
-12324
In base 10, what is 986 - -280?
1266
In base 7, what is 103262 + -41?
103221
In base 10, what is 13853 + -17?
13836
In base 8, what is -4 + 34442?
34436
In base 11, what is -685 - -610?
-75
In base 11, what is -197082 + -5?
-197087
In base 5, what is -2 + -22412?
-22414
In base 10, what is 54 - -7155?
7209
In base 3, what is -12202 - -10221?
-1211
In base 10, what is 0 - -15909?
15909
In base 5, what is -1 + 203301?
203300
In base 14, what is 775c + 2d?
778b
In base 13, what is 5 + -10113?
-1010b
In base 6, what is -2033 - 425?
-2502
In base 5, what is 1240 + 321202?
322442
In base 9, what is 5 - 156786?
-156781
In base 12, what is 5ba + 154?
752
In base 16, what is -bc5d + 6?
-bc57
In base 9, what is -7 - -3136?
3128
In base 4, what is -1 + -20020111?
-20020112
In base 9, what is 370123 + -4?
370118
In base 2, what is -1010110000111 - 1001101?
-1010111010100
In base 2, what is -110011100011 - -10110?
-110011001101
In base 6, what is -20322 - -333?
-15545
In base 15, what is 4ed1 + 2c?
500d
In base 14, what is 42 - 219?
-1b7
In base 12, what is 268 + -1080?
-a14
In base 7, what is 633 + 203?
1136
In base 15, what is -1488 - -8?
-1480
In base 8, what is 12355 - -3?
12360
In base 10, what is 119 - 4178?
-4059
In base 2, what is 10 + 10000010001101?
10000010001111
In base 7, what is -332340 + 120?
-332220
In base 9, what is 83530 - -11?
83541
In base 12, what is 4 - -1361ab?
1361b3
In base 7, what is 1 - -164145?
164146
In base 2, what is 100 + 100010000?
100010100
In base 8, what is 1317354 - -3?
1317357
In base 7, what is -6400515 - 3?
-6400521
In base 6, what is 2032340 - 2?
2032334
In base 2, what is 1000100110111 + -11?
1000100110100
In base 5, what is 111 + 231221?
231332
In base 15, what is 5 - 863ce?
-863c9
In base 7, what is 453610 + -13?
453564
In base 10, what is 4 - -11066?
11070
In base 2, what is -11101 - -11011111001111?
11011110110010
In base 7, what is 325 + 10301?
10626
In base 13, what is 1a - -a4b?
a68
In base 5, what is -1444 - 4?
-2003
In base 7, what is 15026 + 26?
15055
In base 3, what is 10000001100 - 0?
10000001100
In base 10, what is 3 + -148277?
-148274
In base 14, what is 6a36 - -8?
6a40
In base 12, what is -16994 + b?
-16985
In base 10, what is -5 - -39219?
39214
In base 3, what is 101212221021 - -101?
101212221122
In base 8, what is 4075304 - 3?
4075301
In base 11, what is -277 - -23?
-254
In base 11, what is 1aa0 - 8?
1a93
In base 15, what is -5 - -b54?
b4e
In base 14, what is 29 + b2?
db
In base 10, what is 5 - 35123?
-35118
In base 16, what is -1c - -9b6?
99a
In base 3, what is -11 + 102010200012?
102010200001
In base 13, what is 3 - -c453?
c456
In base 9, what is -161 + -28580?
-28751
In base 12, what is 2 + 27019b?
2701a1
In base 5, what is -1 + -42334343?
-42334344
In base 7, what is -616162 - 2?
-616164
In base 16, what is 2 + -124954?
-124952
In base 11, what is -1 + -99449?
-9944a
In base 10, what is 849 + -32?
817
In base 15, what is -7 - -2abd6?
2abce
In base 16, what is -11 + -1c06?
-1c17
In base 4, what is -11 + 11001223?
11001212
In base 5, what is 20432 - 1142?
14240
In base 15, what is -979 + 1?
-978
In base 9, what is -1513 - 7?
-1521
In base 9, what is -5 + 10732?
10726
In base 6, what is -13302310 - 3?
-13302313
In base 6, what is 5 + 111214?
111223
In base 4, what is 0 - 101011003?
-101011003
In base 9, what is 7 - -163?
171
In base 16, what is 42f9 + 22?
431b
In base 14, what is -3 + -2185d5?
-2185d8
In base 8, what is -2 - -1132362?
1132360
In base 2, what is 10100101 + 10010011000?
10100111101
In base 7, what is 3 - -12315?
12321
In base 7, what is 55302 + -212?
55060
In base 11, what is -136 - 28?
-163
In base 8, what is 736 - 42?
674
In base 9, what is -20450 + -2?
-20452
In base 8, what is -2032 - -573?
-1237
In base 10, what is -260 + -282?
-542
In base 8, what is 13 - -451357?
451372
In base 10, what is -22151 - 26?
-22177
In base 13, what is -5 - 557ab?
-557b3
In base 13, what is 7 - a6b?
-a64
In base 4, what is -12312323 + 11?
-12312312
In base 15, what is 1 - -8713?
8714
In base 3, what is 122102121002 - 2?
122102121000
In base 14, what is 28 - 1199?
-1171
In base 15, what is 12 + -4c8?
-4b6
In base 11, what is -3 - -243830?
243828
In base 14, what is -1 + -174a7?
-174a8
In base 11, what is -13 - 540?
-553
In base 14, what is 16019 + 5?
16020
In base 14, what is -22265 + -3?
-22268
In base 15, what is -4 - -15095?
15091
In base 8, what is -1426 - 30?
-1456
In base 16, what is -33 + -16?
-49
In base 12, what is 6 + -1831a?
-18314
In base 8, what is 1223232 - 3?
1223227
In base 9, what is -205724 - 1?
-205725
In base 13, what is -357078 - 3?
-35707b
In base 7, what is 1250202 + 1?
1250203
In base 4, what is 302130 + 223?
303013
In base 11, what is -3878 - 31?
-38a9
In base 9, what is 4675 - 18?
4656
In base 6, what is -2332 + -54?
-2430
In base 13, what is 83424 - 0?
83424
In base 9, what is 604 - -2007?
2612
In base 3, what is -1010212112100 - -11?
-1010212112012
In base 15, what is -1240b8 - 2?
-1240ba
In base 16, what is 3c1 - -9a8?
d69
In base 16, what is -2f - -7a?
4b
In base 10, what is -4 - 525946?
-525950
In base 8, what is -5 + 5220753?
5220746
In base 14, what is d0 + -5b7a?
-5a8a
In base 6, what is 5 - -134542?
134551
In base 16, what is -2163 - -2?
-2161
In base 2, what is 100011101101000 - -111?
100011101101111
In base 16, what is -112 + 339?
227
In base 11, what is -4406 - -42?
-4374
In base 5, what is -2 - 14342431?
-14342433
In base 4, what is -11213 - -131001?
113122
In base 10, what is -89227 + 3?
-89224
In base 6, what is -2014 - 1254?
-3312
In base 16, what is 3 + 2bcd5?
2bcd8
In base 6, what is 5 - 3003141?
-3003132
In base 13, what is 435a + -13a?
4220
In base 9, what is 3703 + -1310?
2383
In base 14, what is 1 + -70225?
-70224
In base 4, what is 322113210 + -12?
322113132
In base 5, what is -12324 - -114?
-12210
In base 10, what is -810355 + 4?
-810351
In base 14, what is 1736 + 6b?
17a3
In base 15, what is 46e7 + -5?
46e2
In base 8, what is -5 - 243253?
-243260
In base 11, what is 438 - 374?
74
In base 13, what is -29 + -174?
-1a0
In base 12, what is 2 + -1121?
-111b
In base 13, what is 2 - 1c6b?
-1c69
In base 7, what is -1216 - -24?
-1162
In base 15, what is -1a992 - -3?
-1a98e
In base 4, what is 13 - -102032?
102111
In base 2, what is -11101000000110 - 10?
-11101000001000
In base 6, what is -2121325 + -21?
-2121350
In base 9, what is -10 + -1587?
-1607
In base 14, what is -12 + 2218?
2206
In base 15, what is 2 - -33c13?
33c15
In base 14, what is b4 - -1711?
17c5
In base 9, what is 688646 + 0?
688646
In base 10, what is -1034 - -1208?
174
In base 16, what is -d2 + -625?
-6f7
In base 7, what is 13152 + 1241?
14423
In base 9, what is 13873 - 62?
13811
In base 15, what is -1710a4 + 2?
-1710a2
In base 16, what is 1 - 60a7?
-60a6
In base 15, what is ae + 6d36?
6de5
In base 10, what is -73 - -199?
126
In base 7, what is -1206323 + 5?
-1206315
In base 11, what is 2902 + 4?
2906
In base 3, what is -122 - 2200121211?
-2200122110
In base 3, what is -1202222010 - 12?
-1202222022
In base 2, what is -10111101111101111 - 101?
-10111101111110100
In base 12, what is a2bb + 18?
a317
In base 7, what is -5 + -431252?
-431260
In base 13, what is 4 + 1b44?
1b48
In base 16, what is -16 - 6575?
-658b
In base 6, what is 1 - -3510551?
3510552
In base 13, w